 the tens digit of 642440?
4
What is the thousands digit of 966241?
6
What is the hundreds digit of 814494?
4
What is the thousands digit of 3267169?
7
What is the thousands digit of 8974947?
4
What is the thousands digit of 297003?
7
What is the tens digit of 128205?
0
What is the units digit of 10507503?
3
What is the thousands digit of 216339?
6
What is the tens digit of 2460192?
9
What is the units digit of 50459?
9
What is the millions digit of 1231288?
1
What is the tens digit of 2070286?
8
What is the hundred thousands digit of 2377184?
3
What is the thousands digit of 12717746?
7
What is the ten thousands digit of 80388?
8
What is the hundred thousands digit of 1749407?
7
What is the hundred thousands digit of 529409?
5
What is the thousands digit of 1694493?
4
What is the thousands digit of 2736053?
6
What is the ten thousands digit of 2178088?
7
What is the millions digit of 1465273?
1
What is the tens digit of 202926?
2
What is the hundred thousands digit of 457189?
4
What is the hundreds digit of 115135?
1
What is the units digit of 3180838?
8
What is the hundred thousands digit of 1000083?
0
What is the tens digit of 8623862?
6
What is the hundred thousands digit of 1135060?
1
What is the units digit of 426821?
1
What is the ten thousands digit of 1359960?
5
What is the hundreds digit of 326365?
3
What is the units digit of 14355605?
5
What is the millions digit of 4314746?
4
What is the thousands digit of 294296?
4
What is the units digit of 2457988?
8
What is the thousands digit of 254152?
4
What is the tens digit of 11186751?
5
What is the thousands digit of 7753577?
3
What is the hundreds digit of 2533425?
4
What is the thousands digit of 2305023?
5
What is the ten thousands digit of 1255489?
5
What is the tens digit of 1774188?
8
What is the units digit of 221730?
0
What is the tens digit of 39846834?
3
What is the millions digit of 23594111?
3
What is the millions digit of 1122385?
1
What is the thousands digit of 14321948?
1
What is the tens digit of 329628?
2
What is the units digit of 203348?
8
What is the hundred thousands digit of 557461?
5
What is the tens digit of 236419?
1
What is the tens digit of 1761434?
3
What is the hundreds digit of 1197444?
4
What is the thousands digit of 3027340?
7
What is the hundreds digit of 13970676?
6
What is the units digit of 12745346?
6
What is the ten thousands digit of 745424?
4
What is the ten millions digit of 13870679?
1
What is the hundred thousands digit of 323839?
3
What is the units digit of 78081?
1
What is the tens digit of 25401?
0
What is the units digit of 412637?
7
What is the thousands digit of 1794912?
4
What is the tens digit of 50191?
9
What is the units digit of 81371?
1
What is the hundred thousands digit of 103168?
1
What is the tens digit of 605663?
6
What is the tens digit of 607343?
4
What is the ten thousands digit of 14381?
1
What is the units digit of 1049677?
7
What is the tens digit of 9500697?
9
What is the hundreds digit of 1396395?
3
What is the ten thousands digit of 4199270?
9
What is the units digit of 6773822?
2
What is the ten thousands digit of 174968?
7
What is the hundred thousands digit of 12319048?
3
What is the ten thousands digit of 690938?
9
What is the units digit of 957000?
0
What is the hundred thousands digit of 131264?
1
What is the tens digit of 1785?
8
What is the tens digit of 99307?
0
What is the hundreds digit of 18095975?
9
What is the hundreds digit of 167069?
0
What is the tens digit of 159497?
9
What is the thousands digit of 515765?
5
What is the units digit of 201015?
5
What is the thousands digit of 915382?
5
What is the thousands digit of 236928?
6
What is the hundreds digit of 140035?
0
What is the hundred thousands digit of 422990?
4
What is the thousands digit of 122222?
2
What is the units digit of 5579535?
5
What is the thousands digit of 734029?
4
What is the ten millions digit of 35244011?
3
What is the thousands digit of 708867?
8
What is the units digit of 59774?
4
What is the ten thousands digit of 15904720?
0
What is the thousands digit of 6639075?
9
What is the hundred thousands digit of 5376951?
3
What is the hundreds digit of 20434831?
8
What is the tens digit of 9137159?
5
What is the tens digit of 26071?
7
What is the hundred thousands digit of 1465885?
4
What is the ten thousands digit of 10294949?
9
What is the ten thousands digit of 216854?
1
What is the ten thousands digit of 327235?
2
What is the units digit of 335334?
4
What is the thousands digit of 88739?
8
What is the ten thousands digit of 780843?
8
What is the tens digit of 3633705?
0
What is the tens digit of 2488985?
8
What is the hundred thousands digit of 805813?
8
What is the thousands digit of 1119255?
9
What is the hundreds digit of 24713848?
8
What is the units digit of 1588277?
7
What is the units digit of 59432?
2
What is the thousands digit of 4967760?
7
What is the ten thousands digit of 10167888?
6
What is the tens digit of 14885190?
9
What is the tens digit of 10811481?
8
What is the thousands digit of 1204141?
4
What is the hundreds digit of 3436462?
4
What is the units digit of 10063214?
4
What is the thousands digit of 1642765?
2
What is the hundreds digit of 36205?
2
What is the tens digit of 484030?
3
What is the ten thousands digit of 1567379?
6
What is the hundred thousands digit of 1267841?
2
What is the units digit of 1174892?
2
What is the hundreds digit of 953983?
9
What is the tens digit of 5568542?
4
What is the units digit of 571406?
6
What is the ten thousands digit of 1398235?
9
What is the units digit of 3281857?
7
What is the units digit of 61028?
8
What is the millions digit of 8665120?
8
What is the ten thousands digit of 2753360?
5
What is the millions digit of 10296272?
0
What is the hundreds digit of 4348672?
6
What is the hundreds digit of 1722596?
5
What is the thousands digit of 345360?
5
What is the tens digit of 610627?
2
What is the hundreds digit of 6539756?
7
What is the hundreds digit of 1873351?
3
What is the tens digit of 873303?
0
What is the hundred thousands digit of 2851932?
8
What is the millions digit of 6422016?
6
What is the hundreds digit of 5752475?
4
What is the units digit of 16140978?
8
What is the tens digit of 660759?
5
What is the hundreds digit of 2327957?
9
What is the hundred thousands digit of 11505665?
5
What is the hundreds digit of 319966?
9
What is the hundreds digit of 517068?
0
What is the tens digit of 3766118?
1
What is the hundred thousands digit of 864894?
8
What is the units digit of 2640279?
9
What is the ten thousands digit of 331599?
3
What is the hundred thousands digit of 6065538?
0
What is the thousands digit of 198340?
8
What is the units digit of 216553?
3
What is the thousands digit of 312734?
2
What is the ten millions digit of 23338315?
2
What is the millions digit of 5471062?
5
What is the hundred thousands digit of 1989670?
9
What is the hundred thousands digit of 3535949?
5
What is the ten thousands digit of 175262?
7
What is the ten thousands digit of 2708965?
0
What is the thousands digit of 2861092?
1
What is the units digit of 696319?
9
What is the hundred thousands digit of 16287658?
2
What is the hundreds digit of 6731679?
6
What is the hundred thousands digit of 185613?
1
What is the tens digit of 845813?
1
What is the ten thousands digit of 95927?
9
What is the tens digit of 28172887?
8
What is the thousands digit of 1827948?
7
What is the hundred thousands digit of 2875533?
8
What is the units digit of 12772?
2
What is the units digit of 290275?
5
What is the tens digit of 5390252?
5
What is the millions digit of 11765734?
1
What is the units digit of 57579?
9
What is the thousands digit of 10193252?
3
What is the hundred thousands digit of 770134?
7
What is the units digit of 12554718?
8
What is the thousands digit of 2989652?
9
What is the tens digit of 203690?
9
What is the ten thousands digit of 4480278?
8
What is the hundreds digit of 734994?
9
What is the millions digit of 8032850?
8
What is the tens digit of 1255917?
1
What is the millions digit of 12339010?
2
What is the thousands digit of 1145851?
5
What is the tens digit of 803871?
7
What is the units digit of 18917168?
8
What is the units digit of 9712264?
4
What is the units di